{"id":7054,"date":"2026-04-15T15:52:11","date_gmt":"2026-04-15T15:52:11","guid":{"rendered":"https:\/\/copernicusfestival.com\/event\/panel-dyskusyjny-cv-i-track-record-w-ocenie-erc\/"},"modified":"2026-04-21T12:20:15","modified_gmt":"2026-04-21T12:20:15","slug":"panel-dyskusyjny-cv-i-track-record-w-ocenie-erc","status":"publish","type":"tribe_events","link":"https:\/\/copernicusfestival.com\/en\/event\/panel-dyskusyjny-cv-i-track-record-w-ocenie-erc\/","title":{"rendered":"Panel Discussion: CV and Track Record in ERC evaluation"},"content":{"rendered":"<p><a href=\"https:\/\/copernicusfestival.com\/en\/guests\/pawel-dydio\/\">Prof. Pawe\u0142 Dydio <\/a>,  <a href=\"https:\/\/copernicusfestival.com\/en\/guests\/stefan-dziembowski\/\">Prof. Stefan Dziembowski <\/a>,  <a href=\"https:\/\/copernicusfestival.com\/en\/guests\/malgorzata-filip\/\">Prof. Ma\u0142gorzata Filip <\/a>,  <a href=\"https:\/\/copernicusfestival.com\/en\/guests\/robert-holyst\/\">Prof. Robert Ho\u0142yst <\/a>,  <a href=\"https:\/\/copernicusfestival.com\/en\/guests\/ewa-gruszczynska\/\">Prof. Ewa Gruszczy\u0144ska <\/a><\/p>\n","protected":false},"excerpt":{"rendered":"<p>Prof. Pawe\u0142 Dydio , Prof. Stefan Dziembowski , Prof. Ma\u0142gorzata Filip , Prof. Robert Ho\u0142yst , Prof. Ewa Gruszczy\u0144ska<\/p>\n","protected":false},"author":1,"featured_media":0,"template":"","meta":{"_acf_changed":false,"inline_featured_image":false,"_tribe_events_status":"","_tribe_events_status_reason":"","footnotes":""},"tags":[],"tribe_events_cat":[77],"class_list":["post-7054","tribe_events","type-tribe_events","status-publish","hentry","tribe_events_cat-erc-stage-lineup","cat_erc-stage-lineup"],"acf":[],"_links":{"self":[{"href":"https:\/\/copernicusfestival.com\/en\/wp-json\/wp\/v2\/tribe_events\/7054","targetHints":{"allow":["GET"]}}],"collection":[{"href":"https:\/\/copernicusfestival.com\/en\/wp-json\/wp\/v2\/tribe_events"}],"about":[{"href":"https:\/\/copernicusfestival.com\/en\/wp-json\/wp\/v2\/types\/tribe_events"}],"author":[{"embeddable":true,"href":"https:\/\/copernicusfestival.com\/en\/wp-json\/wp\/v2\/users\/1"}],"version-history":[{"count":1,"href":"https:\/\/copernicusfestival.com\/en\/wp-json\/wp\/v2\/tribe_events\/7054\/revisions"}],"predecessor-version":[{"id":7432,"href":"https:\/\/copernicusfestival.com\/en\/wp-json\/wp\/v2\/tribe_events\/7054\/revisions\/7432"}],"wp:attachment":[{"href":"https:\/\/copernicusfestival.com\/en\/wp-json\/wp\/v2\/media?parent=7054"}],"wp:term":[{"taxonomy":"post_tag","embeddable":true,"href":"https:\/\/copernicusfestival.com\/en\/wp-json\/wp\/v2\/tags?post=7054"},{"taxonomy":"tribe_events_cat","embeddable":true,"href":"https:\/\/copernicusfestival.com\/en\/wp-json\/wp\/v2\/tribe_events_cat?post=7054"}],"curies":[{"name":"wp","href":"https:\/\/api.w.org\/{rel}","templated":true}]}}

<p><a href="https://copernicusfestival.com/en/guests/pawel-dydio/">Prof. Paweł Dydio </a>,  <a href="https://copernicusfestival.com/en/guests/stefan-dziembowski/">Prof. Stefan Dziembowski </a>,  <a href="https://copernicusfestival.com/en/guests/malgorzata-filip/">Prof. Małgorzata Filip </a>,  <a href="https://copernicusfestival.com/en/guests/robert-holyst/">Prof. Robert Hołyst </a>,  <a href="https://copernicusfestival.com/en/guests/ewa-gruszczynska/">Prof. Ewa Gruszczyńska </a></p>

<p>Prof. Paweł Dydio , Prof. Stefan Dziembowski , Prof. Małgorzata Filip , Prof. Robert Hołyst , Prof. Ewa Gruszczyńska</p>
